1
Suppose -2*a = -4*t - 8, a + 4 = 2*a + t. Suppose a*p - 47 = 149. What is the units digit of p?
9
Let m(y) = -7*y**2 - 9*y + 16. Let o(h) = 6*h**2 + 8*h - 15. Let j(z) = 5*m(z) + 6*o(z). What is the tens digit of j(4)?
1
Suppose -b + 5*i = 0, 0 = b + 3*b + i - 84. Suppose -2*x = -2*y - b, 2*y - 15 = 7*y. What is the units digit of x?
7
Let v(a) = 2*a. Let r be v(1). What is the units digit of 2*-1 - (-19 + r)?
5
Let u = 82 + -49. What is the units digit of u?
3
Suppose n = -2*n. Suppose -2*l + 15 = l. Suppose -w = -n*w - l. What is the units digit of w?
5
Let u(s) = -5 + 2*s - s**2 + 9*s - 3*s. Let g = -2 - -8. What is the units digit of u(g)?
7
Let l = -2 - -2. Suppose n - 2 - 2 = l. Let p(q) = -q**2 + 5*q + 1. What is the units digit of p(n)?
5
Let q = -5 + 7. Let v be -1*(1 + (0 - 1)). Let j = q + v. What is the units digit of j?
2
Let c(z) = -6*z - 6. Let v(o) = -2*o**2 + 7*o - 5. Let s be v(4). Let t be c(s). Suppose -3*a + t = a. What is the units digit of a?
2
What is the hundreds digit of -10*(165/(-6) + 1)?
2
Suppose 0 = -14*h - 93 + 1451. What is the units digit of h?
7
Let w be 2/(-5) + (-88)/5. Let k = w + 27. Suppose -2*b = -5 - k. What is the units digit of b?
7
Let h be (-4)/(-6) - (-7)/3. Suppose 2*r + h*r = 35. What is the units digit of r?
7
Suppose -4*p + 1044 = -p. What is the hundreds digit of p?
3
Let l be (-2)/(-4) - 358/(-4). Suppose 3*w + 2*w + n = l, 5*w - 2*n = 75. What is the units digit of w?
7
Suppose 5*p - 4*f + 3*f = 1228, 2*f = 2*p - 488. What is the tens digit of p?
4
Suppose 4*x - 2 = 2. What is the units digit of (-24)/9*-3 + x?
9
Let y = 2 + 1. Suppose 0 = 4*o - 2*a - 17 - 9, -4*a = 3*o - y. Let b = -3 + o. What is the units digit of b?
2
Let g(v) = v**3 - v**2 - v. Let s = 14 + -12. What is the units digit of g(s)?
2
Let j = -4 + 13. Let u = j - 9. Suppose u*q = 4*q - 48. What is the tens digit of q?
1
Let a = 261 - 13. What is the units digit of a?
8
Let a(n) = n + 18. What is the units digit of a(-8)?
0
Suppose 5*t + 4*n = 240, 4*t + n - 166 = 26. What is the units digit of t?
8
Suppose 31*o = 26*o + 825. What is the units digit of o?
5
Let l = -38 - -40. Let o be (-2)/(-3*2/21). Suppose l = s - o. What is the units digit of s?
9
Suppose 0 = -2*x + 5 - 17. What is the units digit of (-18)/x - (-7 - 0)?
0
Suppose 0 = 3*s - 2*j - 35 - 467, 0 = -2*s + j + 334. What is the hundreds digit of s?
1
Suppose 696 = 5*q - q. What is the hundreds digit of q?
1
Suppose 2*g = 7 + 3. Suppose -4*x + 8 = 0, 4*t - t - g*x = 35. What is the units digit of t?
5
Let n = -28 + 77. Suppose -149 = -4*h - n. What is the units digit of h?
5
Let b = 4 - 7. Let p(w) = 3*w**2 + w - 4. Let k be p(b). Suppose 2*d = -2*d + k. What is the units digit of d?
5
What is the hundreds digit of (232/20)/(2*(-1)/(-20))?
1
Suppose 0 = -4*b + 5*o + 39, -6 = -2*o + 4*o. Let i be (2/b)/((-1)/(-6)). Suppose -3*z + i*z + 3 = 0. What is the units digit of z?
3
Let d be 1*(1 + 1)/(-1). Let v(y) = y**2 + 2*y + 2. Let o be v(d). Suppose o*t = 3*p + 4*t - 36, t + 37 = 4*p. What is the tens digit of p?
1
Let t be (8/10)/(6/(-15)). Suppose -3*g - 3*a + 21 = -0*a, g = -5*a + 7. Let l = g + t. What is the units digit of l?
5
Let g(h) = 2*h**2 - 3*h + 2. Let a be g(4). Suppose 0*k - 5*k = -5*u - 40, k + 5*u = -a. What is the units digit of k?
3
Let k(t) = 2*t**2 - 7*t + 3. Let p be k(5). Let q = 2 + -3. Let y = p - q. What is the units digit of y?
9
Let l(k) = -189*k**3 - k**2 - k - 1. Let m be l(-1). Suppose -m = -5*j - 3*y, 3*y = y - 8. Suppose -j = 4*a - 9*a. What is the units digit of a?
8
Let t = 6 + -2. Suppose -t + 1 = u, 29 = 4*s - 3*u. Suppose s*k - 15 = 2*k. What is the units digit of k?
5
Suppose 2*s + 2*s + 2*n = 1526, 15 = 5*n. What is the hundreds digit of s?
3
Let k = 28 + 287. What is the tens digit of k?
1
Suppose 3*o = -o + 16. Let h = 0 + o. Let u(z) = 2*z + 1. What is the units digit of u(h)?
9
Let s(c) = -2*c. What is the units digit of s(-5)?
0
Let q = -8 + 16. Suppose 16 = 4*v + 2*y + 2*y, v - 3*y = -12. Let z = q + v. What is the units digit of z?
8
Let s(d) = -12*d**3 - d**2 + 1. What is the tens digit of s(-1)?
1
What is the units digit of 95/20 + (-3)/(-12)?
5
Suppose 4*i = 5*m + 2*i + 14, -2*i + 4 = 0. What is the units digit of (-1)/m + (-77)/(-14)?
6
Let l = 46 + -28. Suppose 2*k = m - l, 5*m = 8*k - 3*k + 75. Suppose 4*y - m = y. What is the units digit of y?
4
Suppose 5*m + 2 = 3*m. Let s(w) = -5*w**3 + w. What is the units digit of s(m)?
4
Let m(l) = 11*l**2 + 2*l - 2. What is the units digit of m(-3)?
1
What is the tens digit of 162/10 - 13/65?
1
Let s(i) = i**3 - 3*i**2 + 4*i - 2. Let g = -2 - -5. What is the tens digit of s(g)?
1
Suppose -276 = -4*q - 2*p, 0 = q + 2*p - 26 - 43. What is the tens digit of q?
6
Suppose -j + 128 = -124. What is the hundreds digit of j?
2
Let q(j) = 3*j**2 - 2*j**2 - 5 + j + 0. Let s = 5 - 1. What is the units digit of q(s)?
5
Suppose -7 = -3*w + 2. Let o = -5 + 37. Suppose 5 - o = -w*f. What is the units digit of f?
9
Suppose 5*r = -74 + 499. Suppose 3*w = -4*h + r, 2*h = -h + 2*w + 51. What is the tens digit of h?
1
Let l(o) = -2*o + 2. Let k be l(5). Let j(c) = -2*c - 4. Let i be j(k). Let f = 18 - i. What is the units digit of f?
6
Suppose -5*p + 173 + 32 = 0. What is the tens digit of p?
4
Suppose 0 = -2*d - 4*v + 364, d = v + 255 - 85. What is the units digit of d?
4
What is the tens digit of (-21)/28 + 165/12?
1
Let z(u) = 7*u. Let n be z(2). Let o be (-7)/(-1)*1*1. Let g = n - o. What is the units digit of g?
7
Let c(k) = k + 2. Let p be -6*(0 - (-2)/(-4)). Let h be c(p). What is the units digit of 13/h + 4/10?
3
What is the units digit of (-420)/(-18) + 4/6?
4
Let i = -4 + 9. Suppose 4*m - i*r - 34 = -4*r, -m + 14 = -3*r. What is the units digit of m?
8
What is the tens digit of 1/1*(-207)/(-9)?
2
Suppose 2*c + v - 339 = -2*v, c - 192 = 3*v. What is the units digit of c?
7
Let x be 4 + -3 - 12/(-3). Suppose 2*r - 4*z - 35 = -x*z, 0 = 3*r + z - 50. What is the units digit of r?
5
Let i(q) = -q**2 + 13*q + 13. Let c(p) = p**2 - 4*p + 7. Let m be c(5). What is the tens digit of i(m)?
2
What is the hundreds digit of 266/(-4)*(-384)/112?
2
Let s = 18 + -18. Suppose 0 = -s*v - 6*v + 120. What is the units digit of v?
0
Let r = 39 - 4. What is the units digit of r?
5
Let k = 31 + -24. What is the units digit of k?
7
Let b be (-168)/27 - 8/(-36). What is the units digit of (-2)/(-3) + (-50)/b?
9
Suppose 0 = t - 3*m - 13, -12 = 5*m + 3. Let h = 18 + -12. Let b = h - t. What is the units digit of b?
2
Suppose d + 3 = 1. What is the units digit of d/10 + (-132)/(-10)?
3
Suppose -p = 2*p - 15. Suppose p*r - 2 + 7 = 0. What is the units digit of r/(2/4)*-3?
6
Let c be 10/4*8/4. Suppose -o - 180 = -c*o. Suppose -6*v = -v - o. What is the units digit of v?
9
Suppose 4*n = 2*n + 26. Suppose 3*s = 2*s + n. What is the units digit of s?
3
Suppose -32 = -u - u. What is the units digit of u?
6
Let q(x) = x**2 + 6*x - 2. Let f be q(-5). Let b(i) = -i - 5. Let p be b(f). Let u(y) = 2*y - 3. What is the units digit of u(p)?
1
Let i = 39 + -21. What is the units digit of i?
8
Suppose 5*a + 2*o = 911, -6*a + o + 540 = -3*a. What is the units digit of a?
1
Let k(h) = h**2 - 3*h + 5. Let n(r) = 1. Let q(b) = -b + 5. Let x(z) = 6*n(z) - q(z). Let y be x(3). What is the units digit of k(y)?
9
Suppose 3*u + 4*o = 14, 27 = 3*u + u - 3*o. Let n = u - -6. Suppose 3*t + n = 4*g, 6 - 3 = g - 3*t. What is the units digit of g?
3
Let i(r) = r**2 - 4*r + 7. What is the units digit of i(-4)?
9
Suppose u + 3*u = 32. Suppose -3*h - 5*p + 8 = -u, -2*h = -3*p + 2. Suppose 0 = 3*a - h*n - 0*n - 11, -5*n - 10 = -4*a. What is the units digit of a?
5
What is the tens digit of (-3 - 107)*6/(-15)?
4
Let z(g) be the second derivative of g**3/6 - g**2/2 + 4*g. What is the units digit of z(7)?
6
Suppose 0 = -2*j + 41 - 99. Suppose 0 = -4*x - 3*n + n + 186, 0 = 2*n + 10. Let t = j + x. What is the units digit of t?
0
Suppose 2*a + 3*a = 4*w - 294, 378 = 5*w - a. Suppose -4*p + w = 4*t, 4*p - 107 + 35 = -3*t. What is the units digit of p?
5
What is the tens digit of 1463/35 - (-8)/(-10)?
4
Let s(t) = 15*t + 2. Let q be s(1). Let i = q + -11. What is the units digit of i?
6
Suppose 105 = 5*g + 2*q - 4*q, -5 = q. Let a = -46 + 110. Su